{"id":128,"date":"2024-11-26T11:27:10","date_gmt":"2024-11-26T11:27:10","guid":{"rendered":"https:\/\/horisontcon.dk\/?page_id=128"},"modified":"2025-11-02T13:11:40","modified_gmt":"2025-11-02T13:11:40","slug":"praktisk","status":"publish","type":"page","link":"https:\/\/horisontcon.dk\/index.php\/praktisk\/","title":{"rendered":"Hvad, hvor og hvorn\u00e5r?"},"content":{"rendered":"\n<p>Horisont er en hyggelig figurspilsfestival for alle de mange mindre kendte spil, som folk rundt om i landet m\u00e5ske ikke f\u00e5r spillet s\u00e5 tit. Vi stiller derfor lokaler, borde og lidt terr\u00e6n til r\u00e5dighed for at man kan komme og hygge sig med sine indie-spil, i f\u00e6llesskab med andre der ogs\u00e5 br\u00e6nder for netop de spil. Derudover vil der ogs\u00e5 v\u00e6re mulighed for at kunne fremvise et spil man br\u00e6nder for, eller m\u00e5ske selv har brygget sammen.<\/p>\n\n\n\n<p><strong>V\u00e6r opm\u00e6rk som p\u00e5 at dette \u00e5rs Horisont er fra torsdag til l\u00f8rdag! .. Heldigvis er torsdagen en helligdag<\/strong>!<\/p>\n\n\n\n<p>Horisont finder sted&nbsp;<strong>d. 14 &#8211; 16 Maj<\/strong>, i KFUM Fredericia, som har f\u00f8lgende adresse:<\/p>\n\n\n\n<blockquote class=\"wp-block-quote is-style-default has-huge-font-size is-layout-flow wp-block-quote-is-layout-flow\">\n<p class=\"has-text-align-left\"><strong>KFUM\u2019s Soldatermission<br>Treldevej 99<br>7000 Fredericia<\/strong><\/p>\n<\/blockquote>\n\n\n\n<h2 class=\"wp-block-heading is-style-decor3\">Transport og parkering<\/h2>\n\n\n\n<p>KFUM ligger i den nordlige del af Fredericia, og er kun en bus fra stationen, hvis du skulle komme hertil med offentlig transport. Alternativt er der ogs\u00e5 rig mulighed for parkering i og omkring KFUM.<\/p>\n\n\n\n<h2 class=\"wp-block-heading is-style-decor3\">Hvorn\u00e5r \u00e5bner d\u00f8rene?<\/h2>\n\n\n\n<p>D\u00f8rene til Horisont bliver sl\u00e5et op for publikum&nbsp;<strong>kl. 13.00 torsdag og fra kl. ~10 fredag og l\u00f8rdag<\/strong>.<\/p>\n\n\n\n<p>D\u00f8rene sm\u00e6kker under hele festivallen, men der vil v\u00e6re opsat kontakt information s\u00e5 man kan komme ind igen hvis man skal ud og ordne noget i byen. Kl. 22.00 torsdag og fredag vil n\u00f8gle holderen tage hjem, men der vil v\u00e6re rig mulighed for at spille hele natten igennem &#8211; hvis det er det man har lyst til! L\u00f8rdag aften vil prim\u00e6rt blive brugt p\u00e5 at pakke sammen og rydde op, hvorefter Horisont officielt takker af for \u00e5ret og lukker sine d\u00f8re senest kl. 18.00.<\/p>\n\n\n\n<h2 class=\"wp-block-heading is-style-decor3\">Hvordan tilmelder jeg mig?<\/h2>\n\n\n\n<p>Hvis du gerne vil komme og spille med, kan du&nbsp;<a href=\"https:\/\/horisontcon.dk\/index.php\/tilmelding\/\">tilmelde dig p\u00e5 denne side<\/a>, uanset om du bare gerne vil pr\u00f8ve og spille en hel masse spil, eller om du gerne vil v\u00e6re fremviser for et spil.<\/p>\n\n\n\n<p>Og skulle du br\u00e6nde for at vise et, eller flere spil frem, skal du ogs\u00e5 huske at have&nbsp;<a href=\"https:\/\/horisontcon.dk\/index.php\/tilmelding\/\">registreret dit spil p\u00e5 denne side<\/a>, s\u00e5 vi kan f\u00e5 det i programmet for \u00e5rets Horisont. Husk at du skal senest tilmelde dit spil inden&nbsp;<strong>d. 1 Maj<\/strong>, hvis du \u00f8nsker at have det med i \u00e5rets program!<\/p>\n\n\n\n<h2 class=\"wp-block-heading is-style-decor3\">Hvad kan jeg komme til at spille?<\/h2>\n\n\n\n<p>Hvad end du har lyst til! For selvom vi programs\u00e6tter en masse fremvisningsspil, er det ogs\u00e5 vigtigt for os at du som deltager kan komme og spille lige de figurspil du har lyst til. Derfor har vi afsat et par borde, med terr\u00e6n, til at man over festivallen kan komme til at spille lige det spil man har lyst til &#8211; og evt. bruge vores&nbsp;<a href=\"https:\/\/www.facebook.com\/horisontcon\">Facebook gruppe<\/a>&nbsp;til at koordinere med andre deltagere om hvilke spil der kunne v\u00e6re sjove at tage figurer med til.<\/p>\n\n\n\n<h2 class=\"wp-block-heading is-style-decor3\">Helheden af vores hobby<\/h2>\n\n\n\n<p>Men! Det er meget vigtigt at huske p\u00e5 at vi gerne vil k\u00e6re om helheden af vores f\u00e6lles hobby, og derfor ser vi helst at man&nbsp;<strong>spiller med malede figurer p\u00e5 bordene<\/strong>, hvad enten det er i forbindelse med &#8216;fri leg&#8217; eller hvis man er fremviser. Umalede figurer, som man gerne vil sidde og male lidt p\u00e5, er man mere end velkommen til at tage med!<\/p>\n\n\n\n<h2 class=\"wp-block-heading is-style-decor3\">Maleborde og loppemarked<\/h2>\n\n\n\n<p>For selvom vi har fokus p\u00e5 at vi kan n\u00e5 at spille s\u00e5 mange spil som muligt, er det ogs\u00e5 muligt at s\u00e6tte sig til at male sine figurer, hvis det er det man har lyst til! Der vil blive opsat et&nbsp;<strong>malehj\u00f8rne<\/strong>, og her kan du sidde og dele tips og tricks med andre malere.<\/p>\n\n\n\n<p>Derudover vil der ogs\u00e5 blive sat borde og tid af til et lille loppemarked hvor du kan s\u00e6lge nogle af dine gamle figurer, terr\u00e6n eller lignende figurspilsrelateret, samt se om andre skulle have taget noget gammelt, nyt eller sp\u00e6ndende med som du lige st\u00e5r og mangler i din samling.<\/p>\n\n\n\n<h2 class=\"wp-block-heading is-style-decor3\">Hvordan med forplejning?<\/h2>\n\n\n\n<p>Morgenmad, frokost og aftensmad kan anskaffes blandt de forskellige spisesteder der ligger rundt om i Fredericia &#8211; eller l\u00e6ngere v\u00e6k, hvis man har lyst til det. Og man m\u00e5 naturligvis gerne tage sin mad med tilbage til KFUM og nyde den der.<\/p>\n\n\n\n<h3 class=\"wp-block-heading\">Overnatning<\/h3>\n\n\n\n<p>Der tilbydes ikke overnatning ved Soldaterhjemmet. \u00d8nsker man overnatning er der f\u00f8lgende muligheder i n\u00e6rheden:<\/p>\n\n\n\n<ul style=\"border-style:none;border-width:0px\" class=\"wp-block-list has-normal-font-size\">\n<li>Fredericia Hostel &#8211; <a href=\"https:\/\/fredericia-danhostel.dk\/\" target=\"_blank\" rel=\"noreferrer noopener\">https:\/\/fredericia-danhostel.dk\/<\/a><\/li>\n\n\n\n<li>Hotel Fredericia (Best Western) &#8211; <a href=\"https:\/\/hotelfredericia.dk\/\" target=\"_blank\" rel=\"noreferrer noopener\">https:\/\/hotelfredericia.dk\/<\/a><\/li>\n\n\n\n<li>Hotel Postgaarden &#8211; <a href=\"https:\/\/www.postgaarden.dk\/\" target=\"_blank\" rel=\"noreferrer noopener\">https:\/\/www.postgaarden.dk\/<\/a><\/li>\n\n\n\n<li>Hotel Gammelhavn &#8211; <a href=\"https:\/\/www.hotelifredericia.dk\/\" target=\"_blank\" rel=\"noreferrer noopener\">https:\/\/www.hotelifredericia.dk\/<\/a><\/li>\n<\/ul>\n\n\n\n<h3 class=\"wp-block-heading\">Alkoholpolitik<\/h3>\n\n\n\n<p>Det er naturligvis tilladt at nyde sig en lille \u00f8l eller to i l\u00f8bet af Horisont, men vi vil gerne frabede at man som deltager drikker sig uhensigtsm\u00e6ssigt beruset og bliver til gene for andre deltagere &#8211; vi er her for at dyrke vores hobby, ikke for at g\u00e5 p\u00e5 druk. Derfor ser vi ogs\u00e5 helst at man holder indtaget af st\u00e6rk spiritus til et behageligt minimum og m\u00e5ske lige tager lidt ekstra hensyn til sine meddeltagere.<\/p>\n\n\n\n<h3 class=\"wp-block-heading\">Rygning<\/h3>\n\n\n\n<p>Der m\u00e5 ikke ryges indenfor i KFUM. Skal man ryge kan dette foretages i bagg\u00e5rden bag KFUM.<\/p>\n\n\n\n<h2 class=\"wp-block-heading is-style-decor3\">Hvad skal jeg huske at have med?<\/h2>\n\n\n\n<p>Her er en god lille huskeliste til dig, inden du tager afsted til Horisont:<\/p>\n\n\n\n<ul class=\"wp-block-list\">\n<li>Figurer til de spil du gerne vil spille<\/li>\n\n\n\n<li>Terninger, af forskellige typer<\/li>\n\n\n\n<li>M\u00e5leb\u00e5nd, helst i tommer<\/li>\n\n\n\n<li>Opladere til mobiltelefon, s\u00e5vel som tablet eller laptop<\/li>\n\n\n\n<li>Et smil p\u00e5 l\u00e6ben<\/li>\n<\/ul>\n","protected":false},"excerpt":{"rendered":"","protected":false},"author":1,"featured_media":114,"parent":0,"menu_order":0,"comment_status":"closed","ping_status":"closed","template":"","meta":{"footnotes":""},"class_list":["post-128","page","type-page","status-publish","has-post-thumbnail","hentry"],"yoast_head":"<!-- This site is optimized with the Yoast SEO plugin v23.9 - https:\/\/yoast.com\/wordpress\/plugins\/seo\/ -->\n<title>Hvad, hvor og hvorn\u00e5r? - Danmarks Hyggeligste Indie Figurspilsfestival<\/title>\n<meta name=\"robots\" content=\"index, follow, max-snippet:-1, max-image-preview:large, max-video-preview:-1\" \/>\n<link rel=\"canonical\" href=\"https:\/\/horisontcon.dk\/index.php\/praktisk\/\" \/>\n<meta property=\"og:locale\" content=\"da_DK\" \/>\n<meta property=\"og:type\" content=\"article\" \/>\n<meta property=\"og:title\" content=\"Hvad, hvor og hvorn\u00e5r? - Danmarks Hyggeligste Indie Figurspilsfestival\" \/>\n<meta property=\"og:url\" content=\"https:\/\/horisontcon.dk\/index.php\/praktisk\/\" \/>\n<meta property=\"og:site_name\" content=\"Danmarks Hyggeligste Indie Figurspilsfestival\" \/>\n<meta property=\"article:modified_time\" content=\"2025-11-02T13:11:40+00:00\" \/>\n<meta property=\"og:image\" content=\"https:\/\/horisontcon.dk\/wp-content\/uploads\/2024\/11\/horisont2024-scaled.jpg\" \/>\n\t<meta property=\"og:image:width\" content=\"2560\" \/>\n\t<meta property=\"og:image:height\" content=\"1209\" \/>\n\t<meta property=\"og:image:type\" content=\"image\/jpeg\" \/>\n<meta name=\"twitter:card\" content=\"summary_large_image\" \/>\n<meta name=\"twitter:label1\" content=\"Estimeret l\u00e6setid\" \/>\n\t<meta name=\"twitter:data1\" content=\"5 minutter\" \/>\n<script type=\"application\/ld+json\" class=\"yoast-schema-graph\">{\"@context\":\"https:\/\/schema.org\",\"@graph\":[{\"@type\":\"WebPage\",\"@id\":\"https:\/\/horisontcon.dk\/index.php\/praktisk\/\",\"url\":\"https:\/\/horisontcon.dk\/index.php\/praktisk\/\",\"name\":\"Hvad, hvor og hvorn\u00e5r? - Danmarks Hyggeligste Indie Figurspilsfestival\",\"isPartOf\":{\"@id\":\"https:\/\/horisontcon.dk\/#website\"},\"primaryImageOfPage\":{\"@id\":\"https:\/\/horisontcon.dk\/index.php\/praktisk\/#primaryimage\"},\"image\":{\"@id\":\"https:\/\/horisontcon.dk\/index.php\/praktisk\/#primaryimage\"},\"thumbnailUrl\":\"https:\/\/horisontcon.dk\/wp-content\/uploads\/2024\/11\/horisont2024-scaled.jpg\",\"datePublished\":\"2024-11-26T11:27:10+00:00\",\"dateModified\":\"2025-11-02T13:11:40+00:00\",\"breadcrumb\":{\"@id\":\"https:\/\/horisontcon.dk\/index.php\/praktisk\/#breadcrumb\"},\"inLanguage\":\"da-DK\",\"potentialAction\":[{\"@type\":\"ReadAction\",\"target\":[\"https:\/\/horisontcon.dk\/index.php\/praktisk\/\"]}]},{\"@type\":\"ImageObject\",\"inLanguage\":\"da-DK\",\"@id\":\"https:\/\/horisontcon.dk\/index.php\/praktisk\/#primaryimage\",\"url\":\"https:\/\/horisontcon.dk\/wp-content\/uploads\/2024\/11\/horisont2024-scaled.jpg\",\"contentUrl\":\"https:\/\/horisontcon.dk\/wp-content\/uploads\/2024\/11\/horisont2024-scaled.jpg\",\"width\":2560,\"height\":1209},{\"@type\":\"BreadcrumbList\",\"@id\":\"https:\/\/horisontcon.dk\/index.php\/praktisk\/#breadcrumb\",\"itemListElement\":[{\"@type\":\"ListItem\",\"position\":1,\"name\":\"Hjem\",\"item\":\"https:\/\/horisontcon.dk\/\"},{\"@type\":\"ListItem\",\"position\":2,\"name\":\"Hvad, hvor og hvorn\u00e5r?\"}]},{\"@type\":\"WebSite\",\"@id\":\"https:\/\/horisontcon.dk\/#website\",\"url\":\"https:\/\/horisontcon.dk\/\",\"name\":\"Danmarks Hyggeligste Indie Figurspilsfestival\",\"description\":\"Danmarks Hyggeligste Indie Figurspilsfestival\",\"publisher\":{\"@id\":\"https:\/\/horisontcon.dk\/#organization\"},\"potentialAction\":[{\"@type\":\"SearchAction\",\"target\":{\"@type\":\"EntryPoint\",\"urlTemplate\":\"https:\/\/horisontcon.dk\/?s={search_term_string}\"},\"query-input\":{\"@type\":\"PropertyValueSpecification\",\"valueRequired\":true,\"valueName\":\"search_term_string\"}}],\"inLanguage\":\"da-DK\"},{\"@type\":\"Organization\",\"@id\":\"https:\/\/horisontcon.dk\/#organization\",\"name\":\"Danmarks Hyggeligste Indie Figurspilsfestival\",\"url\":\"https:\/\/horisontcon.dk\/\",\"logo\":{\"@type\":\"ImageObject\",\"inLanguage\":\"da-DK\",\"@id\":\"https:\/\/horisontcon.dk\/#\/schema\/logo\/image\/\",\"url\":\"https:\/\/horisontcon.dk\/wp-content\/uploads\/2025\/03\/cropped-Horisont_logo_topbanner_with_padding.png\",\"contentUrl\":\"https:\/\/horisontcon.dk\/wp-content\/uploads\/2025\/03\/cropped-Horisont_logo_topbanner_with_padding.png\",\"width\":2479,\"height\":368,\"caption\":\"Danmarks Hyggeligste Indie Figurspilsfestival\"},\"image\":{\"@id\":\"https:\/\/horisontcon.dk\/#\/schema\/logo\/image\/\"}}]}<\/script>\n<!-- \/ Yoast SEO plugin. -->","yoast_head_json":{"title":"Hvad, hvor og hvorn\u00e5r? - Danmarks Hyggeligste Indie Figurspilsfestival","robots":{"index":"index","follow":"follow","max-snippet":"max-snippet:-1","max-image-preview":"max-image-preview:large","max-video-preview":"max-video-preview:-1"},"canonical":"https:\/\/horisontcon.dk\/index.php\/praktisk\/","og_locale":"da_DK","og_type":"article","og_title":"Hvad, hvor og hvorn\u00e5r? - Danmarks Hyggeligste Indie Figurspilsfestival","og_url":"https:\/\/horisontcon.dk\/index.php\/praktisk\/","og_site_name":"Danmarks Hyggeligste Indie Figurspilsfestival","article_modified_time":"2025-11-02T13:11:40+00:00","og_image":[{"width":2560,"height":1209,"url":"https:\/\/horisontcon.dk\/wp-content\/uploads\/2024\/11\/horisont2024-scaled.jpg","type":"image\/jpeg"}],"twitter_card":"summary_large_image","twitter_misc":{"Estimeret l\u00e6setid":"5 minutter"},"schema":{"@context":"https:\/\/schema.org","@graph":[{"@type":"WebPage","@id":"https:\/\/horisontcon.dk\/index.php\/praktisk\/","url":"https:\/\/horisontcon.dk\/index.php\/praktisk\/","name":"Hvad, hvor og hvorn\u00e5r? - Danmarks Hyggeligste Indie Figurspilsfestival","isPartOf":{"@id":"https:\/\/horisontcon.dk\/#website"},"primaryImageOfPage":{"@id":"https:\/\/horisontcon.dk\/index.php\/praktisk\/#primaryimage"},"image":{"@id":"https:\/\/horisontcon.dk\/index.php\/praktisk\/#primaryimage"},"thumbnailUrl":"https:\/\/horisontcon.dk\/wp-content\/uploads\/2024\/11\/horisont2024-scaled.jpg","datePublished":"2024-11-26T11:27:10+00:00","dateModified":"2025-11-02T13:11:40+00:00","breadcrumb":{"@id":"https:\/\/horisontcon.dk\/index.php\/praktisk\/#breadcrumb"},"inLanguage":"da-DK","potentialAction":[{"@type":"ReadAction","target":["https:\/\/horisontcon.dk\/index.php\/praktisk\/"]}]},{"@type":"ImageObject","inLanguage":"da-DK","@id":"https:\/\/horisontcon.dk\/index.php\/praktisk\/#primaryimage","url":"https:\/\/horisontcon.dk\/wp-content\/uploads\/2024\/11\/horisont2024-scaled.jpg","contentUrl":"https:\/\/horisontcon.dk\/wp-content\/uploads\/2024\/11\/horisont2024-scaled.jpg","width":2560,"height":1209},{"@type":"BreadcrumbList","@id":"https:\/\/horisontcon.dk\/index.php\/praktisk\/#breadcrumb","itemListElement":[{"@type":"ListItem","position":1,"name":"Hjem","item":"https:\/\/horisontcon.dk\/"},{"@type":"ListItem","position":2,"name":"Hvad, hvor og hvorn\u00e5r?"}]},{"@type":"WebSite","@id":"https:\/\/horisontcon.dk\/#website","url":"https:\/\/horisontcon.dk\/","name":"Danmarks Hyggeligste Indie Figurspilsfestival","description":"Danmarks Hyggeligste Indie Figurspilsfestival","publisher":{"@id":"https:\/\/horisontcon.dk\/#organization"},"potentialAction":[{"@type":"SearchAction","target":{"@type":"EntryPoint","urlTemplate":"https:\/\/horisontcon.dk\/?s={search_term_string}"},"query-input":{"@type":"PropertyValueSpecification","valueRequired":true,"valueName":"search_term_string"}}],"inLanguage":"da-DK"},{"@type":"Organization","@id":"https:\/\/horisontcon.dk\/#organization","name":"Danmarks Hyggeligste Indie Figurspilsfestival","url":"https:\/\/horisontcon.dk\/","logo":{"@type":"ImageObject","inLanguage":"da-DK","@id":"https:\/\/horisontcon.dk\/#\/schema\/logo\/image\/","url":"https:\/\/horisontcon.dk\/wp-content\/uploads\/2025\/03\/cropped-Horisont_logo_topbanner_with_padding.png","contentUrl":"https:\/\/horisontcon.dk\/wp-content\/uploads\/2025\/03\/cropped-Horisont_logo_topbanner_with_padding.png","width":2479,"height":368,"caption":"Danmarks Hyggeligste Indie Figurspilsfestival"},"image":{"@id":"https:\/\/horisontcon.dk\/#\/schema\/logo\/image\/"}}]}},"_links":{"self":[{"href":"https:\/\/horisontcon.dk\/index.php\/wp-json\/wp\/v2\/pages\/128","targetHints":{"allow":["GET"]}}],"collection":[{"href":"https:\/\/horisontcon.dk\/index.php\/wp-json\/wp\/v2\/pages"}],"about":[{"href":"https:\/\/horisontcon.dk\/index.php\/wp-json\/wp\/v2\/types\/page"}],"author":[{"embeddable":true,"href":"https:\/\/horisontcon.dk\/index.php\/wp-json\/wp\/v2\/users\/1"}],"replies":[{"embeddable":true,"href":"https:\/\/horisontcon.dk\/index.php\/wp-json\/wp\/v2\/comments?post=128"}],"version-history":[{"count":8,"href":"https:\/\/horisontcon.dk\/index.php\/wp-json\/wp\/v2\/pages\/128\/revisions"}],"predecessor-version":[{"id":403,"href":"https:\/\/horisontcon.dk\/index.php\/wp-json\/wp\/v2\/pages\/128\/revisions\/403"}],"wp:featuredmedia":[{"embeddable":true,"href":"https:\/\/horisontcon.dk\/index.php\/wp-json\/wp\/v2\/media\/114"}],"wp:attachment":[{"href":"https:\/\/horisontcon.dk\/index.php\/wp-json\/wp\/v2\/media?parent=128"}],"curies":[{"name":"wp","href":"https:\/\/api.w.org\/{rel}","templated":true}]}}